-702 = -z*c + 2*x. Calculate the highest common factor of c and 22.
22
Let i = 93 - 93. Suppose 0 = -x - 2*x - 2*m - 3, -m - 3 = i. Let o(l) = 5*l**2 + 2. Let f be o(x). Calculate the greatest common factor of f and 98.
7
Let j = -1502 - -1511. Let g be 3 - (-1 + -4 + 7) - -26. Calculate the highest common factor of j and g.
9
Suppose 3*i = 7*i - 24. Suppose -4*b + i = -2*b. Let x be (-3 + 14/4)/(b/78). Calculate the greatest common factor of x and 104.
13
Let q be ((-3)/(-12) + (-554)/40)/(2064/(-5160)). What is the greatest common divisor of q and 2?
2
Let t(v) be the first derivative of v**2/2 - 28*v - 1. Let p be t(38). Calculate the greatest common divisor of 50 and p.
10
Suppose -2*b + 5*m = -56, -b + 2*m - 4*m = -10. What is the greatest common factor of b and 76?
2
Let r = -464 - -480. Suppose -5*l + 1350 = -2*d, 2*l + 0*d - 524 = 4*d. Calculate the greatest common divisor of l and r.
16
Let y = -4508 + 12374. What is the highest common factor of y and 9?
9
Let l = 16272 - 16254. Let n be (96/(-30))/((-4)/30). Let m = -6 + n. What is the greatest common factor of l and m?
18
Let p(v) = v**3 + 18*v**2 + 18*v + 18. Let y(x) = -x**3 - x**2. Let a(o) = p(o) + 2*y(o). Let r be a(17). What is the highest common divisor of 7 and r?
7
Let w be 55/(-33)*(10 - 148). What is the highest common factor of 20 and w?
10
Suppose -152*q + 7376 = -3264. What is the greatest common divisor of q and 25?
5
Suppose -107 + 557 + 70 = 26*q. Let t(b) = 4*b + 8. Let p be t(-6). Let z = 26 + p. What is the highest common factor of z and q?
10
Let u = -414 + 580. Let j = u + -129. Suppose -8*q = -j - 35. What is the highest common divisor of 3 and q?
3
Let o = -14220 + 16644. Calculate the highest common divisor of 6 and o.
6
Let g = -7 - -11. Let r(x) = x**2 - 45*x - 90. Let z be r(-2). Suppose g*j + 3*d + 8 = 0, -j - z*j = 5*d + 15. Calculate the highest common divisor of 4 and j.
1
Suppose -h - 4*x - 130 = -21, 2*h + 2*x = -212. Let n = h + 116. Calculate the greatest common factor of 407 and n.
11
Let l(b) = -2*b**3 - 30*b**2 - 95*b + 3. Suppose 0 = -15*w - w - 192. Let v be l(w). Calculate the highest common divisor of v and 18.
9
Suppose 553*o - 477 = 409*o + 3555. Suppose -2*l + 162 = -5*b + b, -5*b = -4*l + 318. Calculate the highest common divisor of o and l.
7
Suppose -9*m - 162 = -10*m. Let g(j) = 9*j + 144. Let f be g(11). Calculate the greatest common factor of m and f.
81
Let b(r) be the first derivative of -13/2*r**2 + 33 - 6*r - 1/3*r**3. Let a be b(-11). What is the highest common factor of a and 32?
16
Suppose -8*p + 185 - 65 = 0. Let y be 4/(-20) - (-1578)/p. What is the greatest common factor of 35 and y?
35
Let v be 1/4 - (-301)/28. Suppose -146 = -2*d - 4*x, -189 = 8*d - v*d + 4*x. What is the greatest common factor of d and 536?
67
Let n = 1868 + -1850. Calculate the greatest common divisor of 606 and n.
6
Let l be (13 - 27) + (2 - -497). What is the greatest common divisor of 5 and l?
5
Suppose 4*z + 4*f = 492, f + 26 + 235 = 2*z. What is the greatest common factor of 368 and z?
16
Let v = 7435 + -7156. What is the highest common divisor of 465 and v?
93
Let u = 1133 - 957. Calculate the highest common divisor of 192 and u.
16
Let v be (316092/710)/(2/5). Calculate the greatest common divisor of 5724 and v.
159
Let f(u) = 17*u**2 + 6*u - 1. Let j be f(-6). Let x be (-22)/(-2)*((-127)/(-33) - (-509)/1527). What is the highest common divisor of x and j?
23
Let z(t) = 41*t**2 - 630*t - 1897. Let p be z(-3). What is the greatest common factor of p and 7421?
181
Let q(b) = 3894*b - 91. Let c be q(2). Calculate the greatest common divisor of 179 and c.
179
Let h be 4/10 + (-33)/(-5). Let g(n) = n**3 + 11*n**2 + 10*n - 2. Let y be g(-5). Suppose 2*f = 4*f - y. Calculate the highest common divisor of h and f.
7
Suppose 17*p - 10944 = -51*p - 8*p. What is the greatest common factor of 176 and p?
16
Let b = -45 - -66. Let w = -54 - -54. Suppose 211 = n - 4*d, 0*n + 3*n - 3*d - 678 = w. What is the greatest common divisor of b and n?
21
Let l(a) = -a + 2. Let g(s) = -s**3 - 3*s**2 - 3*s - 8. Let c be g(-2). Let t be l(c). Let m be 2*2*8 + 0. Calculate the greatest common divisor of t and m.
8
Suppose 0 = -2*q + w + 196, 5*q - 64 - 426 = -w. What is the highest common divisor of q and 4018?
98
Let q be (-2)/(-16) + (-13164)/96. Let j = q - -221. What is the highest common divisor of j and 105?
21
Suppose a + 2 + 2 = 0. Let y be (-1 + 2)/(-1)*140/a. Calculate the highest common factor of 15 and y.
5
Let h be (24/80)/(51/340). Let r be 2/2 - (-18 + 10). Calculate the greatest common factor of h and r.
1
Let t = -131 + 248. Let n = -212 - -224. Suppose -n*j = -8*j - 52. What is the greatest common factor of j and t?
13
Suppose -3*y - n + 3 = 0, -10 = 4*y - 4*n - 30. Suppose 0 - 84 = -y*k. Calculate the greatest common divisor of 14 and k.
14
Let c be (21 - (50 - 32))*2*156. Calculate the highest common factor of 1664 and c.
104
Suppose 44*p - 83441 = -46814 + 136293. What is the highest common divisor of p and 30?
30
Suppose 3*w - 3*q - 419 + 344 = 0, -125 = -5*w + 4*q. Calculate the highest common divisor of w and 2230.
5
Let o be (36 + -41)*(-136)/40. Calculate the highest common factor of o and 14603.
17
Let d = -1196 + 1469. What is the greatest common factor of d and 117?
39
Let x(o) = -o**3 - 9*o**2 + 13*o + 270. Let c be x(-10). Calculate the highest common divisor of c and 96.
48
Let h be (-210)/182 + (-1)/(26/(-4)). Let k(w) = 323*w**2 - 2*w - 1. Let b be k(h). What is the greatest common divisor of 36 and b?
36
Let k(l) = -158*l + 14. Let y be k(2). Let w = -295 - y. Let n(p) = p**2 - 1. Let i be n(-6). What is the highest common factor of i and w?
7
Let b be ((-16936)/(-3066))/((-4)/(-42)). Calculate the highest common factor of 12151 and b.
29
Suppose 106*i = 137*i - 1209. Calculate the greatest common divisor of 273 and i.
39
Suppose 177 - 411 = -3*j + 5*o, -2*o = -5*j + 390. Calculate the greatest common factor of j and 12.
6
Suppose 2*r - 4*r + 8 = 0. Suppose u + 251*d = 256*d + 71, 149 = 2*u - 3*d. Calculate the highest common divisor of r and u.
4
Suppose 2*v + 7*d - 486 = 6*d, 0 = 2*v - 5*d - 474. Let y = -4 + -26. Let u = 52 + y. What is the highest common factor of v and u?
22
Let b = 126 + -64. Suppose -6135 = -4*y + 1159*u - 1154*u, -4*y + 8*u + 6096 = 0. What is the highest common factor of y and b?
62
Let a = 330 + -222. Suppose -79*k + 91*k = a. Calculate the highest common divisor of 9 and k.
9
Let h(q) = -121*q - 88. Let u be h(-2). Calculate the greatest common factor of u and 2387.
77
Suppose k - 2 = -3*n, n = -2*k - k + 14. Suppose -2*y = -2, 0 = -24*v + 20*v - 2*y + 42. What is the highest common divisor of v and k?
5
Let t = 267 - 287. Let k be (205/t)/((-6)/24). What is the greatest common divisor of k and 82?
41
Let g(h) = h**3 - 24*h**2 + 35*h - 56. Let s be g(23). Calculate the greatest common factor of s and 18700.
220
Suppose -27*d = 83294 - 221804. Calculate the greatest common divisor of d and 38.
38
Suppose 42*p + 268*p = 101680. Calculate the highest common divisor of 64 and p.
8
Let n be -4 + (-9380)/21*14/105*-9. Calculate the greatest common divisor of 684 and n.
76
Let z(q) = -q**3 - q**2 + 38*q - 24. Let l be z(5). Suppose -37 - 251 = -2*c. What is the greatest common divisor of c and l?
16
Suppose -5*x = 2*y - 165, 237*x = 240*x - 5*y - 99. What is the highest common divisor of 9713 and x?
11
Let g = 272 + -566. Let i = g - -298. Calculate the greatest common factor of 26 and i.
2
Let g(u) = -92*u**2 + 4*u. Let p(b) = 93*b**2 - 5*b. Let x(z) = -4*g(z) - 3*p(z). Let l be x(-1). Calculate the greatest common divisor of l and 20.
10
Let n(j) be the first derivative of -12 + 3*j**2 + 12*j + 1/3*j**3. Let s be n(-12). What is the greatest common divisor of 12 and s?
12
Let b be (-2 - (-318)/9)*126/105. What is the greatest common divisor of b and 760?
40
Suppose 9*s = -5*l + 8*s - 1, 5*l + 5 = -5*s. Suppose l = 3*n, -33 = i - n - 107. Calculate the highest common divisor of 111 and i.
37
Let z(d) = d + 2*d + 0*d - 1. Let a be z(4). Let i(l) = 28*l - 1245. Let c be i(48). Calculate the highest common divisor of c and a.
11
Suppose 2*a - 94 = -5*g - 63, a = 2*g + 2. Suppose 600 = 54*z - 51*z. Calculate the gr